at is the units digit of o?
1
Let u(t) = -39 + 477*t - 474*t - 27. Let f be u(23). Suppose -s - 86 = -5*s - 3*h, 0 = -f*s - 2*h + 64. What is the tens digit of s?
2
Let i(r) = -103*r - 46. Let d be i(-13). Let s = d - 500. What is the hundreds digit of s?
7
Let f(v) = 30*v - 526. What is the units digit of f(25)?
4
Let g(k) = -32*k + 52. Let f be g(-5). Suppose -370*v + 368*v + f = 0. What is the tens digit of v?
0
Suppose -z = -16 + 14. Suppose z*h + 3*q - 13 = -0*h, 4*h - q = 61. Suppose -4 = 5*p - h. What is the units digit of p?
2
Suppose 0 = -2*s + 5*r - 14, 0 = -3*s + 5*r - 0*r - 11. Suppose -k = 2*n + 6, 4*n - 3*n - s*k + 3 = 0. Let j = n - -7. What is the units digit of j?
4
Let p = 1 + -1. Suppose p*k = 3*k - 669. Let y = k + -122. What is the units digit of y?
1
Suppose 0 = 18*v - 23*v + 420. Suppose 0*i = -3*i + v. Let r = i - 14. What is the units digit of r?
4
Let b(r) = -20*r - 18. Let f be b(-1). Suppose 2*k - 5 + 3 = -4*i, 5*k - f*i = 53. What is the units digit of k?
9
Let q = 4522 + -4339. What is the tens digit of q?
8
Let y(s) = 17*s**3 - s**2 - 4*s + 5. Let r be y(1). Suppose -r*v = -7*v - 4860. What is the hundreds digit of v?
4
Let o(z) = -z**3 + 39*z**2 + 14*z + 3. Let l(r) = 6*r + 57. Let v be l(-3). What is the hundreds digit of o(v)?
5
Suppose 265 + 167 = -8*t. Let r be 436/(-10) - 16/40. Let k = r - t. What is the units digit of k?
0
Let s(y) = -y + y - 52 + 15 - 7*y. Let l be s(6). Let m = l + 87. What is the units digit of m?
8
Suppose -10*l = 141 + 49. Let s(o) = 2*o**2 + 12*o + 56. What is the hundreds digit of s(l)?
5
Let v(s) = -s**2 - 10*s + 5. Let y be v(-11). Let b be (2 - -178)*(-8)/y. Suppose 20*j - 22*j + b = 0. What is the tens digit of j?
2
Suppose -7*v + 5*v = 0. Let f be (v/3)/(4 - 5). Suppose f = 7*y - 4*y - 507. What is the hundreds digit of y?
1
Let g(w) = 3*w + 58. Let c(u) = -4*u - 57. Let d(b) = -3*c(b) - 2*g(b). Let j be d(16). Let r = j + -41. What is the tens digit of r?
1
Let p(f) = 5*f**2 - 47*f + 1563. What is the hundreds digit of p(63)?
4
Let p(h) = -3*h - 9*h + 2*h + 5 + h. Let k(f) = -f**3 + 28*f**2 + f - 36. Let v be k(28). What is the tens digit of p(v)?
7
What is the units digit of (1/(-1) - -6) + -4*2 + 2414?
1
Let p(i) = 94*i - 54. Let w be p(13). Suppose 2*g + 3*g + w = m, -5*g - 2311 = -2*m. What is the hundreds digit of m?
1
Let g(v) = -13*v - 32. Let f = 77 + -55. Let a = 9 - f. What is the tens digit of g(a)?
3
What is the units digit of 12/28 + 135930/105?
5
Suppose 0 = 5*p + 235*d - 237*d - 53368, 0 = -4*p - 5*d + 42701. What is the hundreds digit of p?
6
What is the hundreds digit of (2/((-6)/(-27867)))/(2120/140 + -15)?
0
Suppose 5*t = p + 547, 3*t + t - 5*p - 446 = 0. What is the hundreds digit of -3 - -1*(t - 2)?
1
Let x(t) = 5*t**2 + 48*t + 300. What is the thousands digit of x(-42)?
7
Suppose 0 = 3*o + 2*j + 37, -2*o - 2*o = -4*j + 16. Let a be ((-84)/o)/((-25)/(-9) + -3). What is the units digit of 218*1*6*(-7)/a?
8
Suppose 0 = 13*b - 28*b - 240. Let c(d) = d**2 - 26. What is the tens digit of c(b)?
3
Suppose -4*p = -3*w - 9365, -1736 = -p - 3*w + 609. What is the units digit of p?
2
Suppose 0 = -0*z - z - 3*a - 189, -3*a + 519 = -3*z. Let m = 517 + z. What is the units digit of m?
0
Let j be (16/(-4))/((-4)/10). Let r be (-1)/(2/8) - j. What is the tens digit of (-448)/8*24/r?
9
Let n = -15684 + 27257. What is the tens digit of n?
7
Suppose 4*i - 23 = i + 5*x, 3*x + 13 = i. What is the hundreds digit of i + 595 - (0 - -4 - 2)?
5
Suppose -1023*m + 1097*m - 1246826 = 0. What is the tens digit of m?
4
Let u(r) = r**3 - 9*r**2 + 19. Let n be u(9). Let o = -10 + n. Suppose -o*p = -7*p - 40. What is the tens digit of p?
2
Suppose -79*b - 68808 = -103*b. What is the tens digit of b?
6
Suppose -2*x = 53*r - 51*r - 2548, -3*x = -3*r + 3816. Suppose 4*z - 4*k = 5072, -r = -z + 24*k - 22*k. What is the hundreds digit of z?
2
Let d(v) be the second derivative of -7*v**3 + 9*v**2/2 - 2*v - 20. What is the tens digit of d(-7)?
0
Suppose -3*s - 42 = -2*l, 3*s + 30 = -2*l - 0. Let j be 3/2*(7 - (-68)/s). Suppose 3*u + j*m + 36 = 200, 2*u = -3*m + 106. What is the tens digit of u?
5
Let n be 1/(-9) + (-11 - (-84700)/90). Suppose -22*r + 7210 = -n. What is the units digit of r?
0
Let u(a) be the first derivative of 83*a**2/2 - 2*a - 211. Let n = -4 - -5. What is the units digit of u(n)?
1
Let a(c) = 2*c**2 + 7*c - 15. What is the units digit of a(2)?
7
Suppose -6*y = -56 + 32. Let u be (8 + 3/1)*(y + -3). Suppose u*q - 2805 = -1056. What is the units digit of q?
9
Suppose 0 = 2*p - 32 - 56. Suppose 24*r = -6*r - 1050. Let n = r + p. What is the units digit of n?
9
What is the thousands digit of 7 - (-20020)/((-48)/(-12))?
5
Let k = -50 - -56. Suppose k*f - 537 = 435. What is the hundreds digit of f?
1
Let q(t) = -7*t**2 - 17*t + 1 + 17*t + 4*t**2. Let m be q(-1). What is the tens digit of (-1 + 171)/(0 - m)?
8
Suppose 0 = 18*p + 405500 - 615893 - 771885. What is the hundreds digit of p?
5
Let r(b) = -b**3 - 14*b**2 + 4*b + 10. Let w be r(-18). Let p = 220 + w. What is the tens digit of p?
5
Suppose 47245 = 31*h - 35849 - 35264. What is the thousands digit of h?
3
Let n = 19160 - 9757. What is the tens digit of n?
0
Let a(m) = 4*m + 14. Let b be a(-3). Suppose i - 8 = -b*c, 5*c - i - 4 = 16. What is the units digit of c/(-14) + (-812)/(-98)?
8
Let y be (-5)/(-35) + (-41)/(-7). Let s = y + 3. Let c(l) = 7*l + 4. What is the units digit of c(s)?
7
What is the units digit of (1002/10)/(10 + 549/(-55)) - 0?
1
Let p be 6 - 1*0/(-3). Let l(b) = 14*b - 29. Let v(c) = -15*c + 31. Let m(x) = 4*l(x) + 3*v(x). What is the units digit of m(p)?
3
Let w be 3 - -1 - (-2)/(2/3). Suppose -w*v - 12 = -10*v. What is the units digit of v/22 - (-7635)/55?
9
What is the thousands digit of (2066/(-2))/(3*(4 + (-122)/30))?
5
Let m = -98 + 904. Suppose -5*i + 564 = -m. What is the hundreds digit of i?
2
What is the hundreds digit of (-13 + 12)*(-5 - 11250)?
2
Let b = 129 - 95. Suppose b*z + z = 7210. What is the tens digit of z?
0
Let d(i) = -1. Let j(p) = -577*p**2 + 20*p + 17. Let f(k) = 2*d(k) - j(k). What is the units digit of f(-1)?
8
Suppose -146*h + 109070 = -141*h. What is the ten thousands digit of h?
2
Let o(s) = s + 11. Let a be o(-6). Let x be -3*((-44)/12 - -3). Suppose -x*j + a*j = 138. What is the units digit of j?
6
Suppose -64308 = -3*k - 2*g + 85650, 3 = -g. What is the thousands digit of k?
9
Let g(j) = 27*j**2 + 850*j - 29. What is the hundreds digit of g(11)?
5
Suppose -3*k - 18 = -27. Suppose 0 = -k*c + 2*a + 17, 2*a + a = -4*c. Suppose c*u + 174 = 5*u. What is the tens digit of u?
8
Let c = 70 - 68. Suppose -203 = -5*d + c*v, -v = -d - d + 82. Suppose 37*q = d*q - 60. What is the tens digit of q?
3
Suppose 7 = k + 2*m, -k - 3*k - 7 = m. What is the hundreds digit of (-5418)/(-12) - (-3)/(-18)*k?
4
Let w be 5/(-2)*(8 + 10). Suppose -h = 4*y - 613, -3*y - 766 = -8*y - h. Let a = y + w. What is the tens digit of a?
0
Let t = -62608 - -108746. What is the ten thousands digit of t?
4
Let g be (11/(-9) + (-2)/(-9))*-3. Suppose -38 = -g*x - 11. Suppose x*m = 4*m + 380. What is the tens digit of m?
7
Let b be 6/((18/8)/3). Let z(j) be the third derivative of j**5/60 + j**4/8 - 5*j**3/3 - 2*j**2 - 9*j. What is the tens digit of z(b)?
7
Suppose -28*n + 21*n + 22*n = 163305. What is the hundreds digit of n?
8
Let z(d) = d**3 + 9*d**2 + 9*d + 8. Let y be z(-8). Suppose -3*s + 2*j = -11, y*j - 5*j = 5. What is the hundreds digit of ((-45)/10)/(s/(-124))?
1
Let j(q) be the second derivative of q**3/2 + 9*q**2/2 - 19*q + 25. Suppose -n = -2*o + 36, 2*o = -0*n - 2*n + 42. What is the units digit of j(o)?
6
Suppose -5*o = 5*v + 25, 3*v - 10 = 8*v + 2*o. Suppose v = -2*i - 0*t + t, -i - t = 0. Suppose i = 2*p + 78 - 236. What is the units digit of p?
9
Let m be ((-3)/12)/(1/(-16)). Suppose -4*p + 5*d + 1346 = 0, -9*p + 1328 = -5*p + m*d. What is the tens digit of p?
3
Suppose 12*r + 70170 = 42*r. What is the tens digit of r?
3
Let p = 23 - 21. Let r be ((p - 3)*1)/1. What is the tens digit of 404/4*(-3 + 1)*r?
0
Suppose -4*v = -2*z + 49600, -2*z - 2*v = -43159 - 6447. What is the ten thousands digit of z?
2
Suppose 16*s + 18450 = 31*s. What is the hundreds digit of s*4/8 + (3 - 4)?
6
Suppose 17 = -